*t + 17, -21 = -j*q - 5*t. What is the units digit of q?
4
Suppose -w - 2*w = 24. Let x = 16 + w. What is the units digit of x?
8
Suppose 2*d + 6 = 4*d. What is the tens digit of d + 10 + 2 + -3?
1
Suppose 13 = 2*o + 1. Let j = o + 6. What is the units digit of (-15)/(-4) + 3/j?
4
Suppose 2*l = l - 3. Let n = 7 + l. What is the units digit of n?
4
Suppose 0 = -2*z + s + 67, -2*s - 169 = -z - 4*z. What is the tens digit of z?
3
Let l(c) = 0 + 2*c + 2 - c - 5. Let o be l(8). Suppose -3*q - o*w + 13 = 0, 2*q = 4*w + w + 42. What is the units digit of q?
1
Let y(v) be the second derivative of v**6/180 + 2*v**3/3 - v. Let d(q) be the second derivative of y(q). What is the units digit of d(1)?
2
Let x(q) be the third derivative of -q**4/12 - 5*q**3/6 - 5*q**2. What is the units digit of x(-6)?
7
Let t(u) = u**2 + 3*u - 6. Let g be t(-10). Suppose 0 = -3*w + 12, -5*j = -3*w - w - g. What is the units digit of j?
6
Let v = 15 - -12. What is the units digit of v?
7
Let o(x) = -2*x**2 + 3*x - 2. Let k be o(2). Let h = 9 + k. Suppose 0 = h*a - 2*g - 2*g - 40, 44 = 2*a + 4*g. What is the tens digit of a?
1
Let n(f) = 8*f - 7. Suppose 8*o - 16 = 4*o. What is the units digit of n(o)?
5
Suppose 0 = 5*v + 5 + 10, 557 = 5*l + v. What is the hundreds digit of l?
1
Let l = -9 + 11. What is the units digit of l?
2
Let r = 32 + 50. Suppose -3*l + r = -11. What is the tens digit of l?
3
Let c(b) = -8*b. Suppose 2 = 3*v - 3*z + 2*z, -12 = -3*v + 3*z. What is the units digit of c(v)?
8
Let v be 0/(2 - 0/(-1)). Let g(w) = -w**3 - w**2 - w - 4. Let h be g(v). What is the units digit of (3 + h)/(1/(-4))?
4
Let a(b) = -7*b + 1. Let y be a(-2). Let m = -21 + 11. Let n = m + y. What is the units digit of n?
5
Let g(h) = -h**2 + 9*h - 4. What is the tens digit of g(6)?
1
Let o(h) = -h**3 + 3*h**2 + 6*h - 5. What is the units digit of o(3)?
3
Let u(m) = -m**2 + m + 19. Let i be u(0). What is the units digit of (9/9)/(1/i)?
9
What is the units digit of (5/(-3) - -2)/((-14)/(-2394))?
7
Suppose -f - 2*g - 3*g = 30, -f + 5*g = 0. Let c = -6 - f. Suppose -c = 5*b - 24. What is the units digit of b?
3
Suppose 6*y = 3*y + 9. Suppose 4*d - 220 = -5*c, 5*d = c + 2*d - 63. Suppose -c = -y*f - f. What is the tens digit of f?
1
Let a be (0 + 1)*(5 + -5). Suppose a = -5*t + 9 + 6. Let h = t - 0. What is the units digit of h?
3
Suppose 17 = -5*t - 13. Let n(h) = h**3 + 7*h**2 + 4*h + 5. What is the units digit of n(t)?
7
Suppose 5*r = 0, b + 2*r = -r. Suppose b = -2*a + 25 + 29. What is the units digit of a?
7
Let a(s) be the third derivative of 0*s - s**2 + 1/12*s**4 - 1/2*s**3 + 0. What is the units digit of a(4)?
5
Let s = -109 + 111. Suppose -f - 3*j + 0*j = 15, 4*f + j = -16. What is the tens digit of 16 - (-4 - (s + f))?
1
Let w = 218 + -80. Suppose 0 = -5*p + w - 18. What is the tens digit of p?
2
What is the units digit of (-360)/(-4) + ((-6)/(-2) - 1)?
2
Suppose 14 = 6*k - 4*k. Suppose -k = -2*u + 13. Suppose -6 = -4*f + u. What is the units digit of f?
4
Let p = 33 + -20. Let r = -1 + p. What is the tens digit of r?
1
Let y(j) = j**3 + 10*j**2 - 9*j + 8. What is the tens digit of y(-9)?
7
Let a = 11 + -8. Suppose 0 = -3*n + a. What is the units digit of (-1)/((-3)/24*n)?
8
Let t be ((-72)/(-20))/(2/5). Let j = t + -19. What is the units digit of (-156)/(-20) - 2/j?
8
Let i(w) = w**3 + 2*w**2 - w. Let b be i(1). Let c be 2/(-4) - b/(-4). Suppose -3*g + c*g = -18. What is the units digit of g?
6
Let z(c) = c**3 + c**2 - 2*c. Suppose 6*w - w + 2*y - 4 = 0, 0 = 2*w + y - 1. What is the units digit of z(w)?
8
Suppose 6*j - 5*k = 3*j + 35, -4*k - 6 = 2*j. Suppose -5*p + 10*p = -j. What is the units digit of p/7 + (-71)/(-7)?
0
Let j = -49 + 80. Let a = -18 + j. What is the units digit of a?
3
Let o be (-2)/(-6)*(1 + 11). Let s = o - 3. What is the units digit of s?
1
Suppose 5*i - 2*i = 15. Suppose 4*w - 42 = -u, w - i + 0 = -3*u. What is the tens digit of w?
1
Suppose -o - 2*o = 6. What is the units digit of 17/2 - o/(-4)?
8
Let n(o) = -2*o + 5. Let d be n(4). What is the tens digit of (d + 93/21)*7?
1
Let j = 23 + -3. Suppose -2*w + 5*t = -j, -4*w + 4*t = 6*t + 8. Suppose 3*g + 2*c - 46 = w, 29 = -4*g - 3*c + 92. What is the tens digit of g?
1
Suppose -4*c - 4*k + 1668 = 0, -3*k - 819 = 2*c - 4*c. What is the hundreds digit of c?
4
Let a(h) = h**2 + 4*h**2 + h**2. Let b be 3/9 - (-36)/(-27). What is the units digit of a(b)?
6
Let j(v) = -55*v - 1. Let f be j(5). Let a be 2/7 - f/14. Suppose 10*k = 5*k + a. What is the units digit of k?
4
Suppose 17 = -d - 3*b, -2*b + b = 0. Let o = 27 + d. Suppose y - p - o = -4*y, -4 = -2*y + 2*p. What is the units digit of y?
2
Let q = -14 + -1. Let z be 3/q + 1/5. Let r = 1 - z. What is the units digit of r?
1
Suppose 25 = -b + 6*b. What is the units digit of b + (-2)/1 + 2?
5
Let k(f) = 3*f**2 + 57*f. What is the hundreds digit of k(-21)?
1
Let j(i) = -i - 1. Let n be j(-4). Let m = 13 - n. What is the units digit of m?
0
Suppose -2*s - 5*m = 9, 5*s - m - 3*m = 27. Let j = -3 - -8. Suppose s*c = -4*l - c - 8, j*c = 4*l - 19. What is the units digit of l?
1
What is the tens digit of (-2 - -83)*(-3)/(-9)?
2
Let w(k) = k**2 - 9*k + 4. Let g(x) = 8*x + 1. Let i be g(1). What is the units digit of w(i)?
4
Let w(x) = x**3 + 10*x**2 + 4*x + 12. Let r be w(-9). Let t = r + -15. What is the tens digit of t?
4
Suppose 50 = 4*a - g + 9, 0 = -4*a - 2*g + 50. Suppose w - 2*d = 3*d - a, 2*w = -d - 11. What is the units digit of 70/15*w/(-4)?
7
Suppose 5*g - 637 = 43. What is the tens digit of g?
3
Let v(q) = 37*q - 1. What is the units digit of v(3)?
0
Suppose k - 2*k - 10 = 0. What is the tens digit of 8/(-40) + (-162)/k?
1
Let n(d) = 4*d - 10. Let h be n(7). Let m = -10 + h. What is the units digit of m?
8
Suppose n + 4*n = 25, -4*n - 229 = -u. What is the tens digit of u?
4
Suppose 7*s - 26 = -3*b + 2*s, 4*b - 2*s = 26. Let w(q) = -q**3 + 7*q**2 - 7*q + 8. Let i be w(6). Suppose v - b = -i. What is the units digit of v?
5
Let w = 6 + 7. What is the tens digit of w?
1
Suppose 255 = -2*n + 7*n. What is the units digit of n?
1
Let i = -2 - -3. Let j = -3 - i. Let q(x) = x**3 + 4*x**2 - x - 2. What is the units digit of q(j)?
2
Suppose -2*z + 4*b - b + 63 = 0, -92 = -3*z + 2*b. What is the units digit of z?
0
Suppose 3*c - 15 + 3 = 0. Suppose -x + c = -0*x. Suppose x*j = -j + 50. What is the tens digit of j?
1
Let i be -1 + 1*(3 - 1). Suppose 4*o = 2*c + 6, 2*c + 21 = 4*o - 3*c. What is the units digit of i + o + 1/1?
1
Let h = -80 + 151. What is the tens digit of h?
7
Suppose -2*w - 2 = -3*w, 3*w = -2*a + 6. Suppose 2*i + 3*i - 70 = a. What is the tens digit of i?
1
Suppose j + 2*j - 84 = 0. What is the units digit of j?
8
Let n(j) = 2*j - 20. Let a be n(11). Let t be (8/10)/((-1)/(-5)). Suppose -d + 25 - a = t*k, 4*k = 5*d + 53. What is the units digit of k?
7
Let y(x) = x**3 + 5*x**2 + 3*x - 2. Let n be y(-4). Let b = 0 + n. Suppose -b = -0*v - v. What is the units digit of v?
2
What is the tens digit of (-4)/1 - (-39 - -1)?
3
Let g = -69 + 37. Let m = g - -22. Let w(p) = p**3 + 10*p**2 - 2*p - 15. What is the units digit of w(m)?
5
Suppose 8*b - 11*b = -261. What is the units digit of b?
7
Let g(k) = k**2 + 5*k + 5. Let o be g(-5). Let i(q) = 4*q. What is the units digit of i(o)?
0
Let o be (-178)/4 + 4/8. Suppose 5*k + 5*d - 58 = 3*d, -3*k = 4*d - 46. What is the units digit of o/(-7) - k/35?
6
Suppose -2*c + 2*l + 40 = -8, 0 = c - 5*l - 20. What is the tens digit of c?
2
Let b(m) = m**3 + 5*m**2 - 6*m. Let y be b(-6). Suppose 4*f - 2*p = 6, y = 3*f - 5*f - 2*p. What is the units digit of f?
1
Suppose -5*c - 3*r + 1 - 2 = 0, 0 = 4*c + 2*r. What is the tens digit of 1152/40 + c/5?
2
Let o be ((-2)/6)/(5/(-45)). Suppose o*s + 40 = 7*s. What is the units digit of s?
0
Let f be (-1 - -1) + 12 + 0. Let d(c) = c**3 - 5*c**2 + 2*c + 4. Let x be d(4). Let v = f + x. What is the units digit of v?
8
Let q = -16 + 5. What is the units digit of 3/(-15) - q/5?
2
Suppose -5*i - 12 = -3*l, 3*i + i = 0. Let w = 10 + l. What is the tens digit of w?
1
Suppose -v - f + 21 = 0, 2*v + 5*f - 30 = -0*v. What is the units digit of 70/v - (-2)/10?
3
Suppose 4 = -4*i + 3*i, -4*i = 5*l + 36. Let r = 5 - l. What is the units digit of r?
9
Let i = -3 + 18. What is the tens digit